{"id":12,"date":"2020-03-30T19:17:16","date_gmt":"2020-03-30T19:17:16","guid":{"rendered":"https:\/\/pilatesrheingau.de\/?page_id=12"},"modified":"2026-03-07T10:35:17","modified_gmt":"2026-03-07T10:35:17","slug":"kursdaten-und-kosten","status":"publish","type":"page","link":"https:\/\/pilatesrheingau.de\/?page_id=12","title":{"rendered":"Kursdaten und Kosten"},"content":{"rendered":"<p style=\"text-align: left;\">Aktuell finden die Stunden sowohl online \u00fcber <strong>Zoom als auch live in Hattenheim, Hauptstra\u00dfe 25 im Herzraum statt<\/strong>! Bequem von zu Hause aus und ohne Anfahrtsweg k\u00f6nnt ihr euch zur entsprechenden Zeit zuschalten oder alternativ live dabei sein.<\/p>\n<p style=\"text-align: left;\"><img loading=\"lazy\" decoding=\"async\" class=\"alignnone size-medium wp-image-133\" src=\"https:\/\/pilatesrheingau.de\/wp-content\/uploads\/2023\/03\/IMG-20230326-WA0066-300x240.jpg\" alt=\"\" width=\"300\" height=\"240\" srcset=\"https:\/\/pilatesrheingau.de\/wp-content\/uploads\/2023\/03\/IMG-20230326-WA0066-300x240.jpg 300w, https:\/\/pilatesrheingau.de\/wp-content\/uploads\/2023\/03\/IMG-20230326-WA0066-1024x818.jpg 1024w, https:\/\/pilatesrheingau.de\/wp-content\/uploads\/2023\/03\/IMG-20230326-WA0066-768x614.jpg 768w, https:\/\/pilatesrheingau.de\/wp-content\/uploads\/2023\/03\/IMG-20230326-WA0066-1536x1227.jpg 1536w, https:\/\/pilatesrheingau.de\/wp-content\/uploads\/2023\/03\/IMG-20230326-WA0066.jpg 2048w\" sizes=\"auto, (max-width: 300px) 100vw, 300px\" \/><\/p>\n<p><strong>Anf\u00e4ngerinnen und Schwangere (Sch\u00f6n schwanger): mittwochs 19:00 &#8211; 20:00 Uhr\u00a0<\/strong><\/p>\n<p><strong>Mittelstufe: mittwochs 20:15-21:15 Uhr<\/strong><\/p>\n<p>Ein neuer 10er-Block findet vom<strong> 15. April bis zum 1. Juli 2026<\/strong><strong> (Pause am 27.5. und 10.6.) <\/strong>statt.<\/p>\n<p><strong data-rich-text-format-boundary=\"true\">Kosten pro Block (10 Stunden) regul\u00e4r: 120 Euro<\/strong><\/p>\n<p style=\"text-align: left;\">Anmelden k\u00f6nnt ihr Euch \u00fcber das <a href=\"https:\/\/pilatesrheingau.de\/?page_id=9\" target=\"_blank\" rel=\"noopener noreferrer\">Kontaktformular, per Mail oder telefonisch.<\/a><\/p>\n<p>&nbsp;<\/p>\n","protected":false},"excerpt":{"rendered":"<p>Aktuell finden die Stunden sowohl online \u00fcber Zoom als auch live in Hattenheim, Hauptstra\u00dfe 25 im Herzraum statt! Bequem von zu Hause aus und ohne Anfahrtsweg k\u00f6nnt ihr euch zur entsprechenden Zeit zuschalten oder alternativ live dabei sein. Anf\u00e4ngerinnen und<\/p>\n","protected":false},"author":1,"featured_media":133,"parent":0,"menu_order":0,"comment_status":"closed","ping_status":"closed","template":"","meta":{"footnotes":""},"class_list":["post-12","page","type-page","status-publish","has-post-thumbnail","hentry"],"_links":{"self":[{"href":"https:\/\/pilatesrheingau.de\/index.php?rest_route=\/wp\/v2\/pages\/12","targetHints":{"allow":["GET"]}}],"collection":[{"href":"https:\/\/pilatesrheingau.de\/index.php?rest_route=\/wp\/v2\/pages"}],"about":[{"href":"https:\/\/pilatesrheingau.de\/index.php?rest_route=\/wp\/v2\/types\/page"}],"author":[{"embeddable":true,"href":"https:\/\/pilatesrheingau.de\/index.php?rest_route=\/wp\/v2\/users\/1"}],"replies":[{"embeddable":true,"href":"https:\/\/pilatesrheingau.de\/index.php?rest_route=%2Fwp%2Fv2%2Fcomments&post=12"}],"version-history":[{"count":46,"href":"https:\/\/pilatesrheingau.de\/index.php?rest_route=\/wp\/v2\/pages\/12\/revisions"}],"predecessor-version":[{"id":169,"href":"https:\/\/pilatesrheingau.de\/index.php?rest_route=\/wp\/v2\/pages\/12\/revisions\/169"}],"wp:featuredmedia":[{"embeddable":true,"href":"https:\/\/pilatesrheingau.de\/index.php?rest_route=\/wp\/v2\/media\/133"}],"wp:attachment":[{"href":"https:\/\/pilatesrheingau.de\/index.php?rest_route=%2Fwp%2Fv2%2Fmedia&parent=12"}],"curies":[{"name":"wp","href":"https:\/\/api.w.org\/{rel}","templated":true}]}}